 t. What is the remainder when a is divided by 26?
23
Suppose -2*j - 4 = -14. Let m be 5/(10/2)*j. What is the remainder when 86 is divided by (69/15)/(1/m)?
17
Let d be (-7)/(-2) + 7/(-14). Suppose -67 = d*o + 4*p, 3*o = 3*p + p - 107. Let q = 6 - o. What is the remainder when 102 is divided by q?
32
Suppose 2*u = 5*a + 32, 0*u + 18 = u - 3*a. Suppose u*z - 2506 = -z. Calculate the remainder when z is divided by 40.
38
Suppose n = -2*l + 3*n + 162, -5*n = 3*l - 283. What is the remainder when 162 is divided by l?
76
Let p(t) = -t**2 + 5*t + 2. Let l(d) = 45*d - 8. Let g be l(1). Suppose 4*m + g = q, -5*q - 4*m + 235 - 26 = 0. What is the remainder when q is divided by p(4)?
5
What is the remainder when 575 is divided by (10/75*12)/(286/(-290) + 1)?
111
Let p(b) = 1391*b**2 + 13*b. Let x be p(1). Suppose x + 656 = 10*z. Calculate the remainder when z is divided by 9.
8
Suppose 3*y = 3*h - 0*h + 18, 3*h + 20 = 4*y. Suppose -3*k + 4*k = y. Calculate the remainder when 26 is divided by (-39)/(-13) + 3*k.
8
Calculate the remainder when 560/6 + 2*(-38)/57 is divided by 17.
7
Suppose -46*y - 1159 + 2539 = 0. Calculate the remainder when 896 is divided by y.
26
Let i = 2903 - 2523. Calculate the remainder when i is divided by 73.
15
Let b be ((1 - -2) + 1)/(98/49098). Suppose 6*z - b = -6*z. Calculate the remainder when z is divided by 8.
7
Let h = -604 - -629. Suppose 789 - 164 = h*n. Let p(c) = 2*c**2 - 3*c - 1. What is the remainder when n is divided by p(-2)?
12
Let z(f) = -5*f**2 + 4*f + 6. Let d be z(2). Calculate the remainder when 43 is divided by (-63)/d*80/70.
7
Suppose 474 = -22*i + 19*i. Let d = -113 - i. Suppose -10 = 5*o - h - d, -5*o - 2*h = -50. What is the remainder when 22 is divided by o?
6
Let b = 170 - 153. Suppose -g = -5*s, -b*s = g - 18*s - 12. What is the remainder when 44 is divided by g?
14
Let x(m) = 3 + m**2 - 2*m - 8*m + 13. Let v be x(8). Suppose -39*z + 37*z + 122 = v. Calculate the remainder when z is divided by 21.
19
Suppose 138*u - 449 = 61*u + 244. Let s be -3*(10/(-6) + 1). Suppose -3*c = 3*m - 81, -5*m - 54 = -s*c - m. What is the remainder when c is divided by u?
0
Suppose -2*p + 1 - 3 = 0, 5*a - 212 = 2*p. Let x = a - 1. Suppose 0 = 3*q - 33 - 9. What is the remainder when x is divided by q?
13
Let f(h) = -h**3 - 3*h**2 + 3*h - 4. Let c be f(-4). Suppose -q + 17 = -c. Calculate the remainder when q is divided by 11.
6
Suppose 13*o = -9*o + 154. Let v(w) = w**3 - 4*w**2 - 19*w + 52. Calculate the remainder when v(o) is divided by 25.
16
Let x(k) = 1136*k + 1997. What is the remainder when x(3) is divided by 106?
105
Let d be 117/(-195) - 1396/(-10). Suppose d - 571 = -18*w. Calculate the remainder when 157 is divided by w.
13
Suppose -34*n + 33*n + 9 = 0. Suppose -3*u + n = -6. Calculate the remainder when 37 is divided by (-2)/u*(-56 - -6).
17
Suppose 5*j + 137 = -3*b, -2 = 5*b - 7. Let k = j + 48. Let z = -12 + k. Calculate the remainder when 45 is divided by z.
5
Let j(c) = 7*c + 80. Let v be j(-11). Suppose -3*o - 96 = -5*b, 5*b - 48 = 2*b - v*o. What is the remainder when 65 is divided by b?
11
Calculate the remainder when 694 is divided by ((-12)/(-12) + (-1 - 1))/(38/(-646)).
14
Suppose 0 = -4*t + r + 613, 60*r + 493 = 3*t + 64*r. Calculate the remainder when 1213 is divided by t.
128
Suppose 0 = -2*m + 32 + 16. Let t be (4 - 1) + (-2 - 54). Let c = -11 - t. What is the remainder when c is divided by m?
18
Let j(g) = 2*g**3 - 13*g**2 + 7*g - 4. Let w be j(6). What is the remainder when (w/(-5))/((-3864)/350 - -11) is divided by 7?
3
Let k(s) = -s**3 - 121*s**2 - 246*s - 901. Suppose -i + 5490 = 4*c + i, 5*i = -3*c + 4107. Calculate the remainder when c is divided by k(-119).
48
Suppose -40*b + 7371 = -11789. What is the remainder when 1916 is divided by b?
0
Let h(t) = 7*t**2 - 17*t + 66. Let i be h(8). Let r = 435 - i. Calculate the remainder when 455 is divided by r.
56
Let s = 38 + 0. What is the remainder when (-2)/(-49) - 1584072/(-14406) is divided by s?
34
Suppose 14*w - 9*w - 139 = 4*j, -32 = 2*w + 13*j. What is the remainder when 772 is divided by w?
13
Suppose -3*g - w + 0*w + 546 = 0, 0 = w. Suppose 0 = 2*s - 4*r - 102, 2*r - 140 = -5*s + 91. Calculate the remainder when g is divided by s.
41
Suppose -161 = -5*k - 6. Let f = 271 + -133. What is the remainder when f is divided by k?
14
Let j(y) = 108*y + 3644. Calculate the remainder when j(-31) is divided by 24.
8
Suppose 3*l + 6 = 3*t - 9, t - 6 = 2*l. Calculate the remainder when (-1 - 3 - 0)*l + 170 is divided by 7.
6
What is the remainder when 1 + 14/(-8) - (5097/(-12) + -4) is divided by 13?
12
Let h(m) = m**3 + 32*m**2 - 14*m + 116. What is the remainder when h(-32) is divided by 192?
180
Let o(l) = 815*l**2 - 45*l - 85. What is the remainder when o(-2) is divided by 27?
25
Let w(c) = -12*c - 76. Let g(n) = 12*n + 76. Let x(l) = -3*g(l) - 4*w(l). What is the remainder when 49 is divided by x(-6)?
1
Let f be 9/6 + (-1)/2. Let y be (8 - 7)/(f/(-25)). Calculate the remainder when 79 is divided by 4/(-3)*(y - -13).
15
Calculate the remainder when 429/(-33) - 9626/(-2) is divided by 98.
96
Let j(h) = 2*h**2 + 9*h - 1. Let m = 78 + -83. Suppose -4*n + 0*r + 3*r + 8 = 0, 5*n - 10 = 3*r. What is the remainder when j(m) is divided by n?
0
Let a(y) = y**3 + 2*y**2 + 18*y + 127. Let t be a(-5). Calculate the remainder when 569 is divided by t*((-14)/7 + 1/2).
56
Let r be (1004/16)/((-4)/(-16)). Let f = r - 241. Calculate the remainder when 186 is divided by f.
6
Let z(j) = 102*j**2 - 45*j + 19. Calculate the remainder when z(9) is divided by 14.
8
Suppose 13*g - 11002 = -2617. Calculate the remainder when 49 is divided by g/135 - 4/(-18).
4
Let u(y) = 357*y - 193. Let z be u(3). Suppose 4*j + 406 = z. What is the remainder when j is divided by 5?
3
Let o = 3408 + 229. What is the remainder when o is divided by 104?
101
Let z(n) = -n**3 + 11*n**2 - 8*n - 13. Let d be z(10). Suppose 13 = 2*g - 5*o, -2*o = -4*g - 0 + 18. Calculate the remainder when g is divided by d/(21/6) + 1.
1
Suppose 2*t - 4*x - 114 = -6*x, -t = 3*x - 57. Let r = 1172 + -1192. Let d = t + r. What is the remainder when d is divided by 11?
4
Let j(n) = 12*n + 101. Let m(l) = 25*l + 202. Let g(d) = -11*j(d) + 6*m(d). Calculate the remainder when 274 is divided by g(-5).
10
Suppose 401 = 26*o - 299 + 154. What is the remainder when 211 is divided by o?
1
Suppose 14*y = -y - 28*y + 86. Let f(j) = -2*j**3 - 4*j**2 - j + 1. What is the remainder when f(-3) is divided by y?
0
Let q(k) = 3*k + 116. Suppose 55*n - 57*n = 0. Let z(g) = -g**2 + 77. Calculate the remainder when z(n) is divided by q(-32).
17
Let l(u) = 2*u**3 + 12*u**2 + 5*u - 4. Let z be (-17 - 2) + (3 - -2). Let p be 2/z + (-136)/28. Calculate the remainder when l(p) is divided by 14.
7
Let z(i) = -27*i - 1. Let b(h) = -80*h - 3. Let g(c) = 6*b(c) - 17*z(c). What is the remainder when g(-1) is divided by 7?
6
Suppose -4*w - 2*w + 72 = 0. Let k(o) = o - 3. Let y be k(w). What is the remainder when 488/y - 24/108 is divided by 14?
12
Let o = -15 - -43. Calculate the remainder when ((-2)/(-10))/(3/(-9)*75/(-8375)) is divided by o.
11
Let t be 3/(-24) + 46467/216. Let g = -120 + t. What is the remainder when g is divided by 14?
11
Suppose 272 - 13 = 7*j. Let g(y) = 2*y**2 - 5*y - 7. Let b be g(6). Let p = b - 25. Calculate the remainder when j is divided by p.
7
Calculate the remainder when 36 is divided by -3*16/(480/(-170)).
2
What is the remainder when 189 is divided by (0 + (-1)/2)*1 - (-112893)/726?
34
Let w(j) = -5*j - 25. Let c be w(-5). Suppose -p - 4*p + 50 = c. Let t(s) = 2*s**2 - 16*s - 7. Calculate the remainder when t(p) is divided by 12.
9
Let j(x) = 5*x**2 - 4*x - 7. Let p be j(-2). Suppose p*w - 17*w = 924. Calculate the remainder when w is divided by 58.
57
Let f(b) = 330*b - 5777. What is the remainder when f(23) is divided by 28?
21
Suppose -4*t - k - 12 = 0, -30*t + 2*k = -28*t + 16. What is the remainder when 2*(-5 + 203 - t)/4 is divided by 17?
16
Calculate the remainder when 1515 is divided by (-1736500)/(-12500) - (-4)/50.
125
Suppose -115*r + 92*r = -598. Calculate the remainder when 117 is divided by r.
13
Let i(h) = -h**2 + 92*h - 12. Let z be i(29). Suppose 0 = 19*f - 4*f - z. Calculate the remai